
List the prime factors of 50773355.
5, 2503, 4057
What are the prime factors of 2127431033?
7, 13, 1627, 14369
What are the prime factors of 338783103?
3, 71, 530177
What are the prime factors of 170837677?
170837677
List the prime factors of 27714730.
2, 5, 19, 199, 733
List the prime factors of 35537165.
5, 7107433
What are the prime factors of 457056860?
2, 5, 13, 1757911
What are the prime factors of 353826214?
2, 7, 293, 86257
List the prime factors of 218818989.
3, 1399, 1931
List the prime factors of 1162101368.
2, 17, 29567
What are the prime factors of 1647448566?
2, 3, 271, 331, 3061
List the prime factors of 4063977311.
4063977311
What are the prime factors of 561637039?
561637039
List the prime factors of 3672049.
71, 51719
What are the prime factors of 118108529?
7, 11, 1533877
What are the prime factors of 38674153?
7, 53, 104243
List the prime factors of 62964289.
181, 233, 1493
What are the prime factors of 182756881?
1481, 123401
List the prime factors of 169070880.
2, 3, 5, 11, 41, 71
List the prime factors of 42772756.
2, 13, 822553
What are the prime factors of 2313406219?
127, 277, 65761
What are the prime factors of 153113940?
2, 3, 5, 7, 137, 887
List the prime factors of 169604798.
2, 11, 7709309
What are the prime factors of 28748866?
2, 47, 305839
What are the prime factors of 272519720?
2, 5, 11, 619363
List the prime factors of 249430582.
2, 6473, 19267
What are the prime factors of 91441829?
91441829
What are the prime factors of 6380760855?
3, 5, 7, 23, 2642137
List the prime factors of 20316352.
2, 7, 101, 449
What are the prime factors of 217124496?
2, 3, 31, 523
What are the prime factors of 12653505?
3, 5, 281189
What are the prime factors of 524815767?
3, 7, 139, 6659
What are the prime factors of 9745542?
2, 3, 180473
What are the prime factors of 563324622?
2, 3, 7, 31, 432661
What are the prime factors of 34335362?
2, 29, 131, 4519
What are the prime factors of 89284515?
3, 5, 19, 37, 8467
What are the prime factors of 1053508783?
941, 971, 1153
List the prime factors of 34619157.
3, 17, 31, 811
What are the prime factors of 2274454040?
2, 5, 43, 1322357
List the prime factors of 1326367649.
263, 5043223
What are the prime factors of 394930554?
2, 3, 65821759
List the prime factors of 41383089.
3, 11, 53, 239
List the prime factors of 745817598.
2, 3, 61, 257, 881
What are the prime factors of 116484428?
2, 311, 93637
List the prime factors of 235813384.
2, 29, 647, 1571
What are the prime factors of 1747184659?
11, 37, 281, 15277
What are the prime factors of 97867605?
3, 5, 11, 29, 113, 181
What are the prime factors of 594084251?
594084251
List the prime factors of 203232278.
2, 23, 192091
What are the prime factors of 74803122?
2, 3, 29, 37, 1291
What are the prime factors of 1218710936?
2, 23, 31, 213659
List the prime factors of 1297286795.
5, 7, 71, 522047
What are the prime factors of 6696908461?
6696908461
What are the prime factors of 604527679?
7, 349, 353, 701
What are the prime factors of 1278635666?
2, 7, 11, 19, 251, 1741
List the prime factors of 550552497.
3, 11, 17, 981377
List the prime factors of 64313877.
3, 3617, 5927
List the prime factors of 424332161.
11, 38575651
List the prime factors of 77314074.
2, 3, 547, 23557
What are the prime factors of 954625095?
3, 5, 2357099
List the prime factors of 8074182711.
3, 7, 61, 383, 2351
List the prime factors of 772363670.
2, 5, 13, 29, 204871
What are the prime factors of 110684899?
13, 19, 83, 5399
List the prime factors of 1654079934.
2, 3, 13, 1009, 21017
List the prime factors of 8498760.
2, 3, 5, 70823
What are the prime factors of 96343283?
59, 73, 22369
List the prime factors of 27548911.
13, 2119147
List the prime factors of 941586623.
151, 6235673
List the prime factors of 707622188.
2, 7, 13, 37, 52541
List the prime factors of 369433364.
2, 92358341
List the prime factors of 86669417.
17, 5098201
What are the prime factors of 31240827?
3, 67, 103, 503
List the prime factors of 387492319.
479, 808961
What are the prime factors of 1509999663?
3, 503333221
List the prime factors of 43515578.
2, 21757789
What are the prime factors of 200423291?
181, 457, 2423
List the prime factors of 1437959728.
2, 83, 1082801
What are the prime factors of 275833144?
2, 34479143
What are the prime factors of 73711636?
2, 83, 222023
What are the prime factors of 735833224?
2, 7, 13139879
List the prime factors of 383577890.
2, 5, 19, 37, 54563
What are the prime factors of 30322348?
2, 7, 229, 4729
What are the prime factors of 52804312?
2, 11, 17, 47, 751
List the prime factors of 599357319.
3, 11, 109, 166627
What are the prime factors of 52573819?
52573819
What are the prime factors of 42119666?
2, 21059833
What are the prime factors of 832730891?
881, 945211
What are the prime factors of 728931472?
2, 29, 53, 29641
What are the prime factors of 460810388?
2, 8819, 13063
What are the prime factors of 173833481?
41, 53, 79997
What are the prime factors of 428335065?
3, 5, 347, 27431
List the prime factors of 48676069.
13, 3744313
What are the prime factors of 87772812?
2, 3, 7314401
List the prime factors of 232059468.
2, 3, 271, 71359
What are the prime factors of 367644195?
3, 5, 43, 189997
List the prime factors of 543093906.
2, 3, 90515651
What are the prime factors of 59767261?
59767261
List the prime factors of 34076856.
2, 3, 11, 29, 4451
What are the prime factors of 13335559?
13335559
What are the prime factors of 155179763?
137, 887, 1277
What are the prime factors of 283105065?
3, 5, 53, 6719
What are the prime factors of 4349353603?
7, 621336229
What are the prime factors of 71100207?
3, 83, 31727
List the prime factors of 122229418.
2, 829, 73721
What are the prime factors of 5562566797?
929, 5987693
What are the prime factors of 15222485?
5, 3044497
List the prime factors of 127671252.
2, 3, 23, 462577
List the prime factors of 2860570512.
2, 3, 6621691
What are the prime factors of 694036557?
3, 103, 748691
What are the prime factors of 203082115?
5, 61, 665843
List the prime factors of 37762404.
2, 3, 3146867
What are the prime factors of 744632923?
59, 73, 83, 2083
What are the prime factors of 416704030?
2, 5, 41670403
List the prime factors of 37448396.
2, 29, 449, 719
List the prime factors of 19726293.
3, 29, 43, 5273
List the prime factors of 337929716.
2, 84482429
List the prime factors of 874932523.
17, 29, 569, 3119
What are the prime factors of 139353360?
2, 3, 5, 580639
List the prime factors of 23848908.
2, 3, 211, 9419
List the prime factors of 51685249.
7, 11, 95891
What are the prime factors of 447550703?
227, 1971589
List the prime factors of 5399203350.
2, 3, 5, 31, 103, 11273
List the prime factors of 1702824204.
2, 3, 29, 331, 14783
What are the prime factors of 276641088?
2, 3, 59, 24421
What are the prime factors of 70468622?
2, 7, 5033473
What are the prime factors of 3834894?
2, 3, 7, 17, 41, 131
What are the prime factors of 1438979265?
3, 5, 31977317
List the prime factors of 1933211799.
3, 71600437
List the prime factors of 77855898.
2, 3, 12975983
List the prime factors of 292485992.
2, 31, 1179379
What are the prime factors of 698278345?
5, 2557, 54617
What are the prime factors of 60234010?
2, 5, 23, 261887
List the prime factors of 928668918.
2, 3, 241, 642233
What are the prime factors of 832520365?
5, 149, 1117477
List the prime factors of 54213224.
2, 13, 521281
List the prime factors of 107031190.
2, 5, 7, 23, 9497
List the prime factors of 79584648.
2, 3, 11, 13, 23189
List the prime factors of 282151981.
282151981
What are the prime factors of 249188780?
2, 5, 12459439
What are the prime factors of 199207148?
2, 7, 29, 101, 347
List the prime factors of 166984799.
73, 2287463
List the prime factors of 3080016439.
31, 401, 247769
List the prime factors of 19914590.
2, 5, 29, 43, 1597
What are the prime factors of 514930848?
2, 3, 43, 79, 1579
What are the prime factors of 1755979274?
2, 7, 125427091
What are the prime factors of 103932355?
5, 127, 163673
What are the prime factors of 8326810?
2, 5, 832681
List the prime factors of 173534106.
2, 3, 19, 337, 4517
List the prime factors of 1201965374.
2, 19583, 30689
List the prime factors of 1949326069.
389, 5011121
List the prime factors of 15